{"id":468,"date":"2015-06-09T13:43:04","date_gmt":"2015-06-09T11:43:04","guid":{"rendered":"http:\/\/localhost\/ms\/?page_id=468"},"modified":"2022-10-15T18:29:54","modified_gmt":"2022-10-15T16:29:54","slug":"musisch","status":"publish","type":"page","link":"https:\/\/ms-feistritz.ksn.at\/web\/musisch\/","title":{"rendered":"musisch\/kreativ"},"content":{"rendered":"<p>Am Montag, 15.05.2017, hatte unser Schulchor seinen gro\u00dfen Auftritt beim K\u00e4rntner Landesjugendsingen in Klagenfurt.<\/p>\n<p>Die Sch\u00fcler und Sch\u00fclerinnen sind \u00fcber sich hinaus gewachsen und haben eine gro\u00dfartige Leistung<br \/>\nabgeliefert, die von der Fachjury mit <strong><span style=\"color: #ff0000;\">AUSGEZEICHNET<\/span><\/strong> beurteilt wurde.<\/p>\n<p>Verleihung der Urkunde: <em><span style=\"color: #ff9900;\"><strong>Singende &#8211; Klingende &#8211; Schule 2017<\/strong><\/span><\/em><\/p>\n<p><img loading=\"lazy\" decoding=\"async\" class=\"alignnone size-full wp-image-6177\" src=\"https:\/\/ms-feistritz.ksn.at\/web\/wp-content\/uploads\/2022\/10\/2017_singende_klingende_schule.jpg\" alt=\"\" width=\"241\" height=\"300\" \/><\/p>\n<p><span style=\"color: #993366;\"><strong><a style=\"color: #993366;\" href=\"https:\/\/www.flickr.com\/photos\/137881274@N03\/albums\/72157683945411235\" target=\"_blank\" rel=\"noopener noreferrer\">Fotogalerie &#8211; Regionalsingen 05.05.2017<\/a><\/strong><\/span><\/p>\n<p><img loading=\"lazy\" decoding=\"async\" class=\"alignnone size-full wp-image-6175\" src=\"https:\/\/ms-feistritz.ksn.at\/web\/wp-content\/uploads\/2022\/10\/2017_Bezirksjugendsingen.jpg\" alt=\"\" width=\"300\" height=\"166\" \/><\/p>\n<p>Bericht erschienen in &#8222;Meine Woche&#8220;, 10.05.2017<\/p>\n<p><a href=\"https:\/\/www.meinbezirk.at\/villach-land\/leute\/kinder-und-jugendliche-beim-regionalsingen-d2114383.html\" target=\"_blank\" rel=\"noopener noreferrer\">Regionalsingen Feistritz\/Drau<\/a><\/p>\n<p><img loading=\"lazy\" decoding=\"async\" class=\"alignnone size-full wp-image-6176\" src=\"https:\/\/ms-feistritz.ksn.at\/web\/wp-content\/uploads\/2022\/10\/2017_Schulchor.jpg\" alt=\"\" width=\"300\" height=\"201\" \/><\/p>\n<p>Bericht erschienen in &#8222;Meine Woche&#8220;, 10.05.2017<\/p>\n<p><a href=\"https:\/\/www.meinbezirk.at\/villach-land\/lokales\/sie-singen-in-der-freizeit-d2111448.html\" target=\"_blank\" rel=\"noopener noreferrer\">Schulchor NMS Feistritz\/Drau<\/a><\/p>\n<p><strong><span style=\"color: #993366;\"><a style=\"color: #993366;\" href=\"https:\/\/www.flickr.com\/photos\/137881274@N03\/albums\/72157683735408775\" target=\"_blank\" rel=\"noopener noreferrer\">Fotogalerie &#8211; Singtage &#8211; Schulchor\/Berg im Drautal (8. &#8211; 10. M\u00e4rz 2017)<\/a><\/span><\/strong><\/p>\n<p>Unsere Schule ist eine von <a href=\"https:\/\/ms-feistritz.ksn.at\/web\/wp-content\/uploads\/2022\/10\/singende-Schule-Schulform-Auswertung.pdf\">47 singenden klingenden Schulen<\/a>\u00a0in ganz K\u00e4rnten.<br \/>\nHier geht&#8217;s zum <a href=\"https:\/\/ms-feistritz.ksn.at\/web\/wp-content\/uploads\/2022\/10\/singende-Schule-Text-vom-Landespressedienst.pdf\">Pressebericht<\/a>\u00a0und zur <a href=\"https:\/\/ms-feistritz.ksn.at\/web\/wp-content\/uploads\/2022\/10\/Urkunde_singendeKlingendeSchule.pdf\">Urkunde<\/a>.<\/p>\n<ul class=\"lcp_catlist\" id=\"lcp_instance_0\"><li><a href=\"https:\/\/ms-feistritz.ksn.at\/web\/2025\/05\/28\/ausstellung-wahnsinn-welt-in-unordnung-im-evangelischen-forum-fresach\/\">Ausstellung \u201eWahnsinn \u2013 Welt in Unordnung\u201c im Evangelischen Forum Fresach<\/a><\/li><li><a href=\"https:\/\/ms-feistritz.ksn.at\/web\/2025\/04\/29\/gemeinschaftskonzert\/\">Gemeinschaftskonzert<\/a><\/li><li><a href=\"https:\/\/ms-feistritz.ksn.at\/web\/2025\/03\/01\/save-the-date\/\">Projekt: Jugend &amp; Kultur<\/a><\/li><li><a href=\"https:\/\/ms-feistritz.ksn.at\/web\/2025\/03\/01\/singtage-der-ms-feistritz-drau\/\">Singtage der MS Feistritz\/Drau<\/a><\/li><li><a href=\"https:\/\/ms-feistritz.ksn.at\/web\/2024\/07\/02\/pop-art-gemeinsames-projekt-der-ms-feistritz-drau-und-musikschule-feistritz-drau_weissenstein\/\">POP &amp; ART: Gemeinsames Projekt der MS Feistritz\/Drau  und Musikschule Feistritz\/Drau_Wei\u00dfenstein<\/a><\/li><li><a href=\"https:\/\/ms-feistritz.ksn.at\/web\/2024\/05\/31\/konzert-pop-art\/\">Konzert: Pop &amp; Art<\/a><\/li><li><a href=\"https:\/\/ms-feistritz.ksn.at\/web\/2024\/05\/19\/die-wpf-gruppe-kreatives-gestalten-3abc-praesentiert-individuelle-nanas\/\">Die WPF-Gruppe Kreatives Gestalten 3abc pr\u00e4sentiert individuelle Nanas<\/a><\/li><li><a href=\"https:\/\/ms-feistritz.ksn.at\/web\/2024\/05\/19\/die-vorbereitungen-laufen-auf-hochtouren\/\">Die Vorbereitungen laufen auf Hochtouren\u2026.<\/a><\/li><li><a href=\"https:\/\/ms-feistritz.ksn.at\/web\/2024\/03\/25\/schraege-voegel\/\">Schr\u00e4ge V\u00f6gel<\/a><\/li><li><a href=\"https:\/\/ms-feistritz.ksn.at\/web\/2023\/05\/31\/landesjugendsingen\/\">Landesjugendsingen<\/a><\/li><\/ul>\n","protected":false},"excerpt":{"rendered":"<p>Am Montag, 15.05.2017, hatte unser Schulchor seinen gro\u00dfen Auftritt beim K\u00e4rntner Landesjugendsingen in Klagenfurt. Die Sch\u00fcler und Sch\u00fclerinnen sind \u00fcber sich hinaus gewachsen und haben eine gro\u00dfartige Leistung abgeliefert, die von der Fachjury mit AUSGEZEICHNET beurteilt wurde. Verleihung der Urkunde: Singende &#8211; Klingende &#8211; Schule 2017 Fotogalerie &#8211; Regionalsingen 05.05.2017 Bericht erschienen in &#8222;Meine Woche&#8220;, [&hellip;]<\/p>\n","protected":false},"author":1,"featured_media":0,"parent":0,"menu_order":0,"comment_status":"closed","ping_status":"closed","template":"","meta":{"footnotes":""},"class_list":["post-468","page","type-page","status-publish","hentry"],"_links":{"self":[{"href":"https:\/\/ms-feistritz.ksn.at\/web\/wp-json\/wp\/v2\/pages\/468","targetHints":{"allow":["GET"]}}],"collection":[{"href":"https:\/\/ms-feistritz.ksn.at\/web\/wp-json\/wp\/v2\/pages"}],"about":[{"href":"https:\/\/ms-feistritz.ksn.at\/web\/wp-json\/wp\/v2\/types\/page"}],"author":[{"embeddable":true,"href":"https:\/\/ms-feistritz.ksn.at\/web\/wp-json\/wp\/v2\/users\/1"}],"replies":[{"embeddable":true,"href":"https:\/\/ms-feistritz.ksn.at\/web\/wp-json\/wp\/v2\/comments?post=468"}],"version-history":[{"count":1,"href":"https:\/\/ms-feistritz.ksn.at\/web\/wp-json\/wp\/v2\/pages\/468\/revisions"}],"predecessor-version":[{"id":6182,"href":"https:\/\/ms-feistritz.ksn.at\/web\/wp-json\/wp\/v2\/pages\/468\/revisions\/6182"}],"wp:attachment":[{"href":"https:\/\/ms-feistritz.ksn.at\/web\/wp-json\/wp\/v2\/media?parent=468"}],"curies":[{"name":"wp","href":"https:\/\/api.w.org\/{rel}","templated":true}]}}

<p>Am Montag, 15.05.2017, hatte unser Schulchor seinen großen Auftritt beim Kärntner Landesjugendsingen in Klagenfurt.</p>
<p>Die Schüler und Schülerinnen sind über sich hinaus gewachsen und haben eine großartige Leistung<br />
abgeliefert, die von der Fachjury mit <strong><span style="color: #ff0000;">AUSGEZEICHNET</span></strong> beurteilt wurde.</p>
<p>Verleihung der Urkunde: <em><span style="color: #ff9900;"><strong>Singende &#8211; Klingende &#8211; Schule 2017</strong></span></em></p>
<p><img loading="lazy" decoding="async" class="alignnone size-full wp-image-6177" src="https://ms-feistritz.ksn.at/web/wp-content/uploads/2022/10/2017_singende_klingende_schule.jpg" alt="" width="241" height="300" /></p>
<p><span style="color: #993366;"><strong><a style="color: #993366;" href="https://www.flickr.com/photos/137881274@N03/albums/72157683945411235" target="_blank" rel="noopener noreferrer">Fotogalerie &#8211; Regionalsingen 05.05.2017</a></strong></span></p>
<p><img loading="lazy" decoding="async" class="alignnone size-full wp-image-6175" src="https://ms-feistritz.ksn.at/web/wp-content/uploads/2022/10/2017_Bezirksjugendsingen.jpg" alt="" width="300" height="166" /></p>
<p>Bericht erschienen in &#8222;Meine Woche&#8220;, 10.05.2017</p>
<p><a href="https://www.meinbezirk.at/villach-land/leute/kinder-und-jugendliche-beim-regionalsingen-d2114383.html" target="_blank" rel="noopener noreferrer">Regionalsingen Feistritz/Drau</a></p>
<p><img loading="lazy" decoding="async" class="alignnone size-full wp-image-6176" src="https://ms-feistritz.ksn.at/web/wp-content/uploads/2022/10/2017_Schulchor.jpg" alt="" width="300" height="201" /></p>
<p>Bericht erschienen in &#8222;Meine Woche&#8220;, 10.05.2017</p>
<p><a href="https://www.meinbezirk.at/villach-land/lokales/sie-singen-in-der-freizeit-d2111448.html" target="_blank" rel="noopener noreferrer">Schulchor NMS Feistritz/Drau</a></p>
<p><strong><span style="color: #993366;"><a style="color: #993366;" href="https://www.flickr.com/photos/137881274@N03/albums/72157683735408775" target="_blank" rel="noopener noreferrer">Fotogalerie &#8211; Singtage &#8211; Schulchor/Berg im Drautal (8. &#8211; 10. März 2017)</a></span></strong></p>
<p>Unsere Schule ist eine von <a href="https://ms-feistritz.ksn.at/web/wp-content/uploads/2022/10/singende-Schule-Schulform-Auswertung.pdf">47 singenden klingenden Schulen</a> in ganz Kärnten.<br />
Hier geht&#8217;s zum <a href="https://ms-feistritz.ksn.at/web/wp-content/uploads/2022/10/singende-Schule-Text-vom-Landespressedienst.pdf">Pressebericht</a> und zur <a href="https://ms-feistritz.ksn.at/web/wp-content/uploads/2022/10/Urkunde_singendeKlingendeSchule.pdf">Urkunde</a>.</p>
<ul class="lcp_catlist" id="lcp_instance_0"><li><a href="https://ms-feistritz.ksn.at/web/2025/05/28/ausstellung-wahnsinn-welt-in-unordnung-im-evangelischen-forum-fresach/">Ausstellung „Wahnsinn – Welt in Unordnung“ im Evangelischen Forum Fresach</a></li><li><a href="https://ms-feistritz.ksn.at/web/2025/04/29/gemeinschaftskonzert/">Gemeinschaftskonzert</a></li><li><a href="https://ms-feistritz.ksn.at/web/2025/03/01/save-the-date/">Projekt: Jugend &amp; Kultur</a></li><li><a href="https://ms-feistritz.ksn.at/web/2025/03/01/singtage-der-ms-feistritz-drau/">Singtage der MS Feistritz/Drau</a></li><li><a href="https://ms-feistritz.ksn.at/web/2024/07/02/pop-art-gemeinsames-projekt-der-ms-feistritz-drau-und-musikschule-feistritz-drau_weissenstein/">POP &amp; ART: Gemeinsames Projekt der MS Feistritz/Drau  und Musikschule Feistritz/Drau_Weißenstein</a></li><li><a href="https://ms-feistritz.ksn.at/web/2024/05/31/konzert-pop-art/">Konzert: Pop &amp; Art</a></li><li><a href="https://ms-feistritz.ksn.at/web/2024/05/19/die-wpf-gruppe-kreatives-gestalten-3abc-praesentiert-individuelle-nanas/">Die WPF-Gruppe Kreatives Gestalten 3abc präsentiert individuelle Nanas</a></li><li><a href="https://ms-feistritz.ksn.at/web/2024/05/19/die-vorbereitungen-laufen-auf-hochtouren/">Die Vorbereitungen laufen auf Hochtouren….</a></li><li><a href="https://ms-feistritz.ksn.at/web/2024/03/25/schraege-voegel/">Schräge Vögel</a></li><li><a href="https://ms-feistritz.ksn.at/web/2023/05/31/landesjugendsingen/">Landesjugendsingen</a></li></ul>

<p>Am Montag, 15.05.2017, hatte unser Schulchor seinen großen Auftritt beim Kärntner Landesjugendsingen in Klagenfurt. Die Schüler und Schülerinnen sind über sich hinaus gewachsen und haben eine großartige Leistung abgeliefert, die von der Fachjury mit AUSGEZEICHNET beurteilt wurde. Verleihung der Urkunde: Singende &#8211; Klingende &#8211; Schule 2017 Fotogalerie &#8211; Regionalsingen 05.05.2017 Bericht erschienen in &#8222;Meine Woche&#8220;, [&hellip;]</p>
